{"id":1068,"date":"2023-09-26T14:00:16","date_gmt":"2023-09-26T14:00:16","guid":{"rendered":"https:\/\/plebiscyt.lubuska.zhp.pl\/?page_id=1068"},"modified":"2025-10-20T21:35:22","modified_gmt":"2025-10-20T19:35:22","slug":"skuteczni-wychowawczo-wsparcie-kadry-nominowani","status":"publish","type":"page","link":"https:\/\/plebiscyt.lubuska.zhp.pl\/?page_id=1068","title":{"rendered":"WSPARCIE KADRY 2025 &#8211; nominowani"},"content":{"rendered":"\t\t<div data-elementor-type=\"wp-page\" data-elementor-id=\"1068\" class=\"elementor elementor-1068\">\n\t\t\t\t\t\t\t\t\t<section class=\"elementor-section elementor-top-section elementor-element elementor-element-e0faa72 elementor-section-boxed elementor-section-height-default elementor-section-height-default\" data-id=\"e0faa72\" data-element_type=\"section\">\n\t\t\t\t\t\t<div class=\"elementor-container elementor-column-gap-default\">\n\t\t\t\t\t<div class=\"aux-parallax-section elementor-column elementor-col-100 elementor-top-column elementor-element elementor-element-c0ae20c\" data-id=\"c0ae20c\" data-element_type=\"column\">\n\t\t\t<div class=\"elementor-widget-wrap\">\n\t\t\t\t\t\t\t\t\t<\/div>\n\t\t<\/div>\n\t\t\t\t\t\t\t<\/div>\n\t\t<\/section>\n\t\t\t\t<section class=\"elementor-section elementor-top-section elementor-element elementor-element-0081dd9 elementor-section-boxed elementor-section-height-default elementor-section-height-default\" data-id=\"0081dd9\" data-element_type=\"section\">\n\t\t\t\t\t\t<div class=\"elementor-container elementor-column-gap-default\">\n\t\t\t\t\t<div class=\"aux-parallax-section elementor-column elementor-col-100 elementor-top-column elementor-element elementor-element-139c816\" data-id=\"139c816\" data-element_type=\"column\">\n\t\t\t<div class=\"elementor-widget-wrap elementor-element-populated\">\n\t\t\t\t\t\t\t\t<div class=\"elementor-element elementor-element-0dba18b elementor-widget elementor-widget-heading\" data-id=\"0dba18b\" data-element_type=\"widget\" data-widget_type=\"heading.default\">\n\t\t\t\t<div class=\"elementor-widget-container\">\n\t\t\t<h2 class=\"elementor-heading-title elementor-size-default\">Dodaj tu sw\u00f3j tekst nag\u0142\u00f3wka<\/h2>\t\t<\/div>\n\t\t\t\t<\/div>\n\t\t\t\t\t<\/div>\n\t\t<\/div>\n\t\t\t\t\t\t\t<\/div>\n\t\t<\/section>\n\t\t\t\t<section class=\"elementor-section elementor-top-section elementor-element elementor-element-6e35e64 elementor-section-boxed elementor-section-height-default elementor-section-height-default\" data-id=\"6e35e64\" data-element_type=\"section\">\n\t\t\t\t\t\t<div class=\"elementor-container elementor-column-gap-default\">\n\t\t\t\t\t<div class=\"aux-parallax-section elementor-column elementor-col-100 elementor-top-column elementor-element elementor-element-6138920\" data-id=\"6138920\" data-element_type=\"column\">\n\t\t\t<div class=\"elementor-widget-wrap elementor-element-populated\">\n\t\t\t\t\t\t\t\t<div class=\"elementor-element elementor-element-8cf2744 elementor-widget elementor-widget-spacer\" data-id=\"8cf2744\" data-element_type=\"widget\" data-widget_type=\"spacer.default\">\n\t\t\t\t<div class=\"elementor-widget-container\">\n\t\t\t\t\t<div class=\"elementor-spacer\">\n\t\t\t<div class=\"elementor-spacer-inner\"><\/div>\n\t\t<\/div>\n\t\t\t\t<\/div>\n\t\t\t\t<\/div>\n\t\t\t\t<div class=\"elementor-element elementor-element-354f05a elementor-widget elementor-widget-heading\" data-id=\"354f05a\" data-element_type=\"widget\" data-widget_type=\"heading.default\">\n\t\t\t\t<div class=\"elementor-widget-container\">\n\t\t\t<h1 class=\"elementor-heading-title elementor-size-default\">SKUTECZNI WYCHOWAWCZO - WSPARCIE KADRY<\/h1>\t\t<\/div>\n\t\t\t\t<\/div>\n\t\t\t\t<div class=\"elementor-element elementor-element-5c5cd30 elementor-widget elementor-widget-spacer\" data-id=\"5c5cd30\" data-element_type=\"widget\" data-widget_type=\"spacer.default\">\n\t\t\t\t<div class=\"elementor-widget-container\">\n\t\t\t\t\t<div class=\"elementor-spacer\">\n\t\t\t<div class=\"elementor-spacer-inner\"><\/div>\n\t\t<\/div>\n\t\t\t\t<\/div>\n\t\t\t\t<\/div>\n\t\t\t\t\t<\/div>\n\t\t<\/div>\n\t\t\t\t\t\t\t<\/div>\n\t\t<\/section>\n\t\t\t\t<section class=\"elementor-section elementor-top-section elementor-element elementor-element-abe217b elementor-section-boxed elementor-section-height-default elementor-section-height-default\" data-id=\"abe217b\" data-element_type=\"section\">\n\t\t\t\t\t\t<div class=\"elementor-container elementor-column-gap-default\">\n\t\t\t\t\t<div class=\"aux-parallax-section elementor-column elementor-col-100 elementor-top-column elementor-element elementor-element-eae9993\" data-id=\"eae9993\" data-element_type=\"column\">\n\t\t\t<div class=\"elementor-widget-wrap elementor-element-populated\">\n\t\t\t\t\t\t\t\t<div class=\"elementor-element elementor-element-ebf65be elementor-position-left elementor-vertical-align-top elementor-widget elementor-widget-image-box\" data-id=\"ebf65be\" data-element_type=\"widget\" data-widget_type=\"image-box.default\">\n\t\t\t\t<div class=\"elementor-widget-container\">\n\t\t\t<div class=\"elementor-image-box-wrapper\"><figure class=\"elementor-image-box-img\"><img decoding=\"async\" loading=\"lazy\" width=\"1880\" height=\"1576\" src=\"https:\/\/plebiscyt.lubuska.zhp.pl\/wp-content\/uploads\/2025\/10\/WK-Mateusz-Rutkowski-1.png\" class=\"elementor-animation-shrink attachment-full size-full wp-image-1521\" alt=\"\" srcset=\"https:\/\/plebiscyt.lubuska.zhp.pl\/wp-content\/uploads\/2025\/10\/WK-Mateusz-Rutkowski-1.png 1880w, https:\/\/plebiscyt.lubuska.zhp.pl\/wp-content\/uploads\/2025\/10\/WK-Mateusz-Rutkowski-1-1536x1288.png 1536w\" \/><\/figure><div class=\"elementor-image-box-content\"><h3 class=\"elementor-image-box-title\">phm. Mateusz Rutkowski \u2013 przyboczny 19 Dru\u017cyny Starszoharcerskiej \u201eWataha\u201d, sekretarz Komisji Rewizyjnej Hufca Babimojsko-Sulechowskiego ZHP<\/h3><p class=\"elementor-image-box-description\">Mateusz wspiera swoj\u0105 dru\u017cyn\u0119, dbaj\u0105c o organizacj\u0119 zbi\u00f3rek, wyjazd\u00f3w i przedsi\u0119wzi\u0119\u0107 programowych, oraz aktywnie pomaga kadrze w planowaniu i prowadzeniu zaj\u0119\u0107. Dzieli si\u0119 do\u015bwiadczeniem, udziela praktycznych wskaz\u00f3wek i inspiruje dru\u017cyn\u0119 do rozwijania swoich kompetencji. Jego inicjatywy, takie jak warsztaty czy konsultacje dla kadry, u\u0142atwiaj\u0105 codzienn\u0105 prac\u0119 i poprawiaj\u0105 jako\u015b\u0107 prowadzonych dzia\u0142a\u0144. Mateusz tworzy atmosfer\u0119 wsparcia i wsp\u00f3\u0142pracy, pomagaj\u0105c zar\u00f3wno harcerzom, jak i instruktorom skutecznie realizowa\u0107 cele dru\u017cyny.<\/p><\/div><\/div>\t\t<\/div>\n\t\t\t\t<\/div>\n\t\t\t\t<div class=\"elementor-element elementor-element-415224f elementor-position-left elementor-vertical-align-top elementor-widget elementor-widget-image-box\" data-id=\"415224f\" data-element_type=\"widget\" data-widget_type=\"image-box.default\">\n\t\t\t\t<div class=\"elementor-widget-container\">\n\t\t\t<div class=\"elementor-image-box-wrapper\"><figure class=\"elementor-image-box-img\"><img decoding=\"async\" loading=\"lazy\" width=\"1880\" height=\"1576\" src=\"https:\/\/plebiscyt.lubuska.zhp.pl\/wp-content\/uploads\/2025\/10\/WK-Katarzyna-Sliwinska-Krowiranda-1.png\" class=\"elementor-animation-shrink attachment-full size-full wp-image-1522\" alt=\"\" srcset=\"https:\/\/plebiscyt.lubuska.zhp.pl\/wp-content\/uploads\/2025\/10\/WK-Katarzyna-Sliwinska-Krowiranda-1.png 1880w, https:\/\/plebiscyt.lubuska.zhp.pl\/wp-content\/uploads\/2025\/10\/WK-Katarzyna-Sliwinska-Krowiranda-1-1536x1288.png 1536w\" \/><\/figure><div class=\"elementor-image-box-content\"><h3 class=\"elementor-image-box-title\">phm. Katarzyna \u015aliwi\u0144ska-Krowiranda \u2013 komendantka 5 Szczepu \u201eLilaki\u201d w Hufcu Nowa S\u00f3l ZHP<\/h3><p class=\"elementor-image-box-description\">Od pocz\u0105tku tworzy\u0142a szczep i jego jednostki, pozyskuj\u0105c kadr\u0119 instruktor\u00f3w oraz przybocznych, w tym rodzic\u00f3w harcerzy. Wspiera instruktor\u00f3w poprzez mentoring, spotkania motywacyjne i zach\u0119t\u0119 do udzia\u0142u w kursach i warsztatach. Szczep, kt\u00f3rym kieruje, jest otwarty na dzieci z wyzwaniami wychowawczymi, a dh Kasia rozwija tolerancj\u0119 i zrozumienie wobec os\u00f3b z niepe\u0142nosprawno\u015bci\u0105. Monitoruje i wspiera prac\u0119 dru\u017cynowych w realizacji stopni, trop\u00f3w i sprawno\u015bci, a pozyskiwane \u015brodki pozwalaj\u0105 prowadzi\u0107 atrakcyjne zbi\u00f3rki i cykle sprawno\u015bciowe. Jej przyk\u0142ad osobisty motywuje kadr\u0119 i harcerzy do wsp\u00f3\u0142pracy i aktywnego dzia\u0142ania.<\/p><\/div><\/div>\t\t<\/div>\n\t\t\t\t<\/div>\n\t\t\t\t<div class=\"elementor-element elementor-element-bfddeef elementor-position-left elementor-vertical-align-top elementor-widget elementor-widget-image-box\" data-id=\"bfddeef\" data-element_type=\"widget\" data-widget_type=\"image-box.default\">\n\t\t\t\t<div class=\"elementor-widget-container\">\n\t\t\t<div class=\"elementor-image-box-wrapper\"><figure class=\"elementor-image-box-img\"><img decoding=\"async\" loading=\"lazy\" width=\"1880\" height=\"1576\" src=\"https:\/\/plebiscyt.lubuska.zhp.pl\/wp-content\/uploads\/2025\/10\/WK-Daria-Szlaska-1.png\" class=\"elementor-animation-shrink attachment-full size-full wp-image-1523\" alt=\"\" srcset=\"https:\/\/plebiscyt.lubuska.zhp.pl\/wp-content\/uploads\/2025\/10\/WK-Daria-Szlaska-1.png 1880w, https:\/\/plebiscyt.lubuska.zhp.pl\/wp-content\/uploads\/2025\/10\/WK-Daria-Szlaska-1-1536x1288.png 1536w\" \/><\/figure><div class=\"elementor-image-box-content\"><h3 class=\"elementor-image-box-title\">hm. Daria Szlaska \u2013 cz\u0142onkini komendy hufca ds. pracy z kadr\u0105 i programu w Hufcu Nowa S\u00f3l ZHP<\/h3><p class=\"elementor-image-box-description\">Druhna Daria wspiera dru\u017cynowych w obszarze metodycznym i organizacyjnym, prowadz\u0105c konsultacje indywidualne oraz cykliczne spotkania kadry. Organizuje przestrze\u0144 do wymiany do\u015bwiadcze\u0144, wsp\u00f3lnego opracowywania inicjatyw programowych i wzmacniania wsp\u00f3\u0142pracy w\u015br\u00f3d instruktor\u00f3w. Motywuje kadr\u0119 poprzez docenianie sukces\u00f3w, wprowadzanie element\u00f3w integracyjnych i zach\u0119t\u0119 do udzia\u0142u w formach kszta\u0142cenia. Dzi\u0119ki swojej cierpliwo\u015bci, otwarto\u015bci i do\u015bwiadczeniu, dru\u017cynowi otrzymuj\u0105 wsparcie merytoryczne i poczucie towarzyszenia w s\u0142u\u017cbie. Jej praca jest przyk\u0142adem profesjonalizmu, pasji i troski o rozw\u00f3j kadry i harcerzy.<\/p><\/div><\/div>\t\t<\/div>\n\t\t\t\t<\/div>\n\t\t\t\t<div class=\"elementor-element elementor-element-2d4657b elementor-position-left elementor-vertical-align-top elementor-widget elementor-widget-image-box\" data-id=\"2d4657b\" data-element_type=\"widget\" data-widget_type=\"image-box.default\">\n\t\t\t\t<div class=\"elementor-widget-container\">\n\t\t\t<div class=\"elementor-image-box-wrapper\"><figure class=\"elementor-image-box-img\"><img decoding=\"async\" loading=\"lazy\" width=\"1880\" height=\"1576\" src=\"https:\/\/plebiscyt.lubuska.zhp.pl\/wp-content\/uploads\/2025\/10\/WK-Julita-Dabrowska-1.png\" class=\"elementor-animation-shrink attachment-full size-full wp-image-1524\" alt=\"\" srcset=\"https:\/\/plebiscyt.lubuska.zhp.pl\/wp-content\/uploads\/2025\/10\/WK-Julita-Dabrowska-1.png 1880w, https:\/\/plebiscyt.lubuska.zhp.pl\/wp-content\/uploads\/2025\/10\/WK-Julita-Dabrowska-1-1536x1288.png 1536w\" \/><\/figure><div class=\"elementor-image-box-content\"><h3 class=\"elementor-image-box-title\">phm. Julita D\u0105browska \u2013 przyboczna 3 Gromady Zuchowej \u201eLe\u015bne Ludki\u201d, cz\u0142onkini Kapitu\u0142y Stopni Harcerskich Szczepu \u201eLe\u015bna Tr\u00f3jka\u201d oraz Zespo\u0142u Programowego Hufca Gorz\u00f3w Wielkopolski ZHP<\/h3><p class=\"elementor-image-box-description\">Druhna Julita wspiera dru\u017cynowych w planowaniu zbi\u00f3rek, tworzeniu materia\u0142\u00f3w programowych oraz w sprawach organizacyjnych i formalnych. Jej spok\u00f3j, kreatywno\u015b\u0107 i talent artystyczny sprawiaj\u0105, \u017ce zbi\u00f3rki zyskuj\u0105 atrakcyjn\u0105 form\u0119, a dru\u017cynowi mog\u0105 liczy\u0107 na inspiracj\u0119 i praktyczne wsparcie. Jako do\u015bwiadczona instruktorka dzieli si\u0119 wiedz\u0105 z m\u0142odszymi cz\u0142onkami kadry, wspieraj\u0105c ich rozw\u00f3j i motywuj\u0105c do udzia\u0142u w formach kszta\u0142cenia. Jej dzia\u0142ania wprowadzaj\u0105 porz\u0105dek, sp\u00f3jno\u015b\u0107 i wysok\u0105 jako\u015b\u0107 metodyczn\u0105, a tak\u017ce buduj\u0105 pozytywn\u0105 atmosfer\u0119 wsp\u00f3\u0142pracy w szczepie i hufcu.<\/p><\/div><\/div>\t\t<\/div>\n\t\t\t\t<\/div>\n\t\t\t\t<div class=\"elementor-element elementor-element-58a189c elementor-position-left elementor-vertical-align-top elementor-widget elementor-widget-image-box\" data-id=\"58a189c\" data-element_type=\"widget\" data-widget_type=\"image-box.default\">\n\t\t\t\t<div class=\"elementor-widget-container\">\n\t\t\t<div class=\"elementor-image-box-wrapper\"><figure class=\"elementor-image-box-img\"><img decoding=\"async\" loading=\"lazy\" width=\"1880\" height=\"1576\" src=\"https:\/\/plebiscyt.lubuska.zhp.pl\/wp-content\/uploads\/2025\/10\/WK-Laura-Grzeskowiak.png\" class=\"elementor-animation-shrink attachment-full size-full wp-image-1517\" alt=\"\" srcset=\"https:\/\/plebiscyt.lubuska.zhp.pl\/wp-content\/uploads\/2025\/10\/WK-Laura-Grzeskowiak.png 1880w, https:\/\/plebiscyt.lubuska.zhp.pl\/wp-content\/uploads\/2025\/10\/WK-Laura-Grzeskowiak-1536x1288.png 1536w\" \/><\/figure><div class=\"elementor-image-box-content\"><h3 class=\"elementor-image-box-title\">phm. Laura Grze\u015bkowiak \u2013 Komendantka 3 Szczepu \u201eTrop\u201d w Hufcu Nowa S\u00f3l ZHP<\/h3><p class=\"elementor-image-box-description\">Druhna Laura to ambitna instruktorka, dla kt\u00f3rej rozw\u00f3j i wspieranie innych to codzienno\u015b\u0107. Z \u0142atwo\u015bci\u0105 buduje relacje z kadr\u0105 i inspiruje dru\u017cynowych do doskonalenia pracy wychowawczej. Ekspertka w zakresie instrument\u00f3w metodycznych, zawsze gotowa do pomocy i rozmowy. W zakresie kszta\u0142cenia aktywnie dzia\u0142a w Chor\u0105gwi Ziemi Lubuskiej ZHP i Chor\u0105gwi Dolno\u015bl\u0105skiej ZHP, koncentruj\u0105c si\u0119 na wspieraniu dru\u017cynowych&nbsp;w\u0119drowniczych.<\/p><\/div><\/div>\t\t<\/div>\n\t\t\t\t<\/div>\n\t\t\t\t\t<\/div>\n\t\t<\/div>\n\t\t\t\t\t\t\t<\/div>\n\t\t<\/section>\n\t\t\t\t<section class=\"elementor-section elementor-top-section elementor-element elementor-element-ae26ad2 elementor-section-boxed elementor-section-height-default elementor-section-height-default\" data-id=\"ae26ad2\" data-element_type=\"section\">\n\t\t\t\t\t\t<div class=\"elementor-container elementor-column-gap-default\">\n\t\t\t\t\t<div class=\"aux-parallax-section elementor-column elementor-col-100 elementor-top-column elementor-element elementor-element-c3bd029\" data-id=\"c3bd029\" data-element_type=\"column\">\n\t\t\t<div class=\"elementor-widget-wrap elementor-element-populated\">\n\t\t\t\t\t\t\t\t<div class=\"aux-scroll-anim elementor-element elementor-element-706988e elementor-widget elementor-widget-aux_button\" data-move-in=\"slideTop\" data-move-out=\"maskRight\" data-axis-x=\"200\" data-axis-y=\"200\" data-rotate=\"90\" data-scale=\"1\" data-vp-top=\"0.5\" data-vp-bot=\"0.5\" data-el-top=\"0.2\" data-scroll-animation-off=\"1024\" data-id=\"706988e\" data-element_type=\"widget\" data-widget_type=\"aux_button.default\">\n\t\t\t\t<div class=\"elementor-widget-container\">\n\t\t\t<a  href=\"https:\/\/forms.office.com\/e\/bcP7ydvk7P\" target=\"_blank\"   class=\"aux-button aux-exlarge aux-emerald aux-curve aux-none aux-uppercase\" ><span class=\"aux-overlay\"><\/span><span class=\"aux-text\">G\u0141OSUJ<\/span><\/a>\t\t<\/div>\n\t\t\t\t<\/div>\n\t\t\t\t<div class=\"elementor-element elementor-element-bf57416 elementor-widget elementor-widget-spacer\" data-id=\"bf57416\" data-element_type=\"widget\" data-widget_type=\"spacer.default\">\n\t\t\t\t<div class=\"elementor-widget-container\">\n\t\t\t\t\t<div class=\"elementor-spacer\">\n\t\t\t<div class=\"elementor-spacer-inner\"><\/div>\n\t\t<\/div>\n\t\t\t\t<\/div>\n\t\t\t\t<\/div>\n\t\t\t\t\t<\/div>\n\t\t<\/div>\n\t\t\t\t\t\t\t<\/div>\n\t\t<\/section>\n\t\t\t\t<section class=\"elementor-section elementor-top-section elementor-element elementor-element-b9a3bd9 elementor-section-boxed elementor-section-height-default elementor-section-height-default\" data-id=\"b9a3bd9\" data-element_type=\"section\">\n\t\t\t\t\t\t<div class=\"elementor-container elementor-column-gap-default\">\n\t\t\t\t\t<div class=\"aux-parallax-section elementor-column elementor-col-100 elementor-top-column elementor-element elementor-element-3e45b8e\" data-id=\"3e45b8e\" data-element_type=\"column\">\n\t\t\t<div class=\"elementor-widget-wrap elementor-element-populated\">\n\t\t\t\t\t\t\t\t<div class=\"elementor-element elementor-element-ff3a56e elementor-widget elementor-widget-aux_button\" data-id=\"ff3a56e\" data-element_type=\"widget\" data-widget_type=\"aux_button.default\">\n\t\t\t\t<div class=\"elementor-widget-container\">\n\t\t\t<a  href=\"https:\/\/plebiscyt.lubuska.zhp.pl\" target=\"_self\"   class=\"aux-button aux-exlarge aux-carmine-pink aux-none aux-uppercase\" ><span class=\"aux-overlay\"><\/span><span class=\"aux-text\">STRONA G\u0141\u00d3WNA<\/span><\/a>\t\t<\/div>\n\t\t\t\t<\/div>\n\t\t\t\t\t<\/div>\n\t\t<\/div>\n\t\t\t\t\t\t\t<\/div>\n\t\t<\/section>\n\t\t\t\t\t\t\t<\/div>\n\t\t","protected":false},"excerpt":{"rendered":"<p>Dodaj tu sw\u00f3j tekst nag\u0142\u00f3wka SKUTECZNI WYCHOWAWCZO &#8211; WSPARCIE KADRY phm. Mateusz Rutkowski \u2013 przyboczny 19 Dru\u017cyny Starszoharcerskiej \u201eWataha\u201d, sekretarz Komisji Rewizyjnej Hufca Babimojsko-Sulechowskiego ZHP Mateusz wspiera swoj\u0105 dru\u017cyn\u0119, dbaj\u0105c o organizacj\u0119 zbi\u00f3rek, wyjazd\u00f3w i przedsi\u0119wzi\u0119\u0107 programowych, oraz aktywnie pomaga kadrze w planowaniu i prowadzeniu zaj\u0119\u0107. Dzieli si\u0119 do\u015bwiadczeniem, udziela praktycznych wskaz\u00f3wek i inspiruje dru\u017cyn\u0119 [&hellip;]<\/p>\n","protected":false},"author":1,"featured_media":0,"parent":0,"menu_order":0,"comment_status":"closed","ping_status":"closed","template":"elementor_theme","meta":{"footnotes":""},"yoast_head":"<!-- This site is optimized with the Yoast SEO plugin v21.4 - https:\/\/yoast.com\/wordpress\/plugins\/seo\/ -->\n<title>WSPARCIE KADRY 2025 - nominowani - Lubuskie Grono<\/title>\n<meta name=\"robots\" content=\"index, follow, max-snippet:-1, max-image-preview:large, max-video-preview:-1\" \/>\n<link rel=\"canonical\" href=\"https:\/\/plebiscyt.lubuska.zhp.pl\/?page_id=1068\" \/>\n<meta property=\"og:locale\" content=\"pl_PL\" \/>\n<meta property=\"og:type\" content=\"article\" \/>\n<meta property=\"og:title\" content=\"WSPARCIE KADRY 2025 - nominowani - Lubuskie Grono\" \/>\n<meta property=\"og:description\" content=\"Dodaj tu sw\u00f3j tekst nag\u0142\u00f3wka SKUTECZNI WYCHOWAWCZO &#8211; WSPARCIE KADRY phm. Mateusz Rutkowski \u2013 przyboczny 19 Dru\u017cyny Starszoharcerskiej \u201eWataha\u201d, sekretarz Komisji Rewizyjnej Hufca Babimojsko-Sulechowskiego ZHP Mateusz wspiera swoj\u0105 dru\u017cyn\u0119, dbaj\u0105c o organizacj\u0119 zbi\u00f3rek, wyjazd\u00f3w i przedsi\u0119wzi\u0119\u0107 programowych, oraz aktywnie pomaga kadrze w planowaniu i prowadzeniu zaj\u0119\u0107. Dzieli si\u0119 do\u015bwiadczeniem, udziela praktycznych wskaz\u00f3wek i inspiruje dru\u017cyn\u0119 [&hellip;]\" \/>\n<meta property=\"og:url\" content=\"https:\/\/plebiscyt.lubuska.zhp.pl\/?page_id=1068\" \/>\n<meta property=\"og:site_name\" content=\"Lubuskie Grono\" \/>\n<meta property=\"article:modified_time\" content=\"2025-10-20T19:35:22+00:00\" \/>\n<meta property=\"og:image\" content=\"https:\/\/plebiscyt.lubuska.zhp.pl\/wp-content\/uploads\/2025\/10\/WK-Mateusz-Rutkowski-1.png\" \/>\n<meta name=\"twitter:card\" content=\"summary_large_image\" \/>\n<meta name=\"twitter:label1\" content=\"Szacowany czas czytania\" \/>\n\t<meta name=\"twitter:data1\" content=\"4 minuty\" \/>\n<script type=\"application\/ld+json\" class=\"yoast-schema-graph\">{\"@context\":\"https:\/\/schema.org\",\"@graph\":[{\"@type\":\"WebPage\",\"@id\":\"https:\/\/plebiscyt.lubuska.zhp.pl\/?page_id=1068\",\"url\":\"https:\/\/plebiscyt.lubuska.zhp.pl\/?page_id=1068\",\"name\":\"WSPARCIE KADRY 2025 - nominowani - Lubuskie Grono\",\"isPartOf\":{\"@id\":\"https:\/\/plebiscyt.lubuska.zhp.pl\/#website\"},\"datePublished\":\"2023-09-26T14:00:16+00:00\",\"dateModified\":\"2025-10-20T19:35:22+00:00\",\"breadcrumb\":{\"@id\":\"https:\/\/plebiscyt.lubuska.zhp.pl\/?page_id=1068#breadcrumb\"},\"inLanguage\":\"pl-PL\",\"potentialAction\":[{\"@type\":\"ReadAction\",\"target\":[\"https:\/\/plebiscyt.lubuska.zhp.pl\/?page_id=1068\"]}]},{\"@type\":\"BreadcrumbList\",\"@id\":\"https:\/\/plebiscyt.lubuska.zhp.pl\/?page_id=1068#breadcrumb\",\"itemListElement\":[{\"@type\":\"ListItem\",\"position\":1,\"name\":\"Strona g\u0142\u00f3wna\",\"item\":\"https:\/\/plebiscyt.lubuska.zhp.pl\/\"},{\"@type\":\"ListItem\",\"position\":2,\"name\":\"WSPARCIE KADRY 2025 &#8211; nominowani\"}]},{\"@type\":\"WebSite\",\"@id\":\"https:\/\/plebiscyt.lubuska.zhp.pl\/#website\",\"url\":\"https:\/\/plebiscyt.lubuska.zhp.pl\/\",\"name\":\"Lubuskie Grono\",\"description\":\"Plebiscyt instruktorski Chor\u0105gwi Ziemi Lubuskiej ZHP\",\"publisher\":{\"@id\":\"https:\/\/plebiscyt.lubuska.zhp.pl\/#organization\"},\"potentialAction\":[{\"@type\":\"SearchAction\",\"target\":{\"@type\":\"EntryPoint\",\"urlTemplate\":\"https:\/\/plebiscyt.lubuska.zhp.pl\/?s={search_term_string}\"},\"query-input\":\"required name=search_term_string\"}],\"inLanguage\":\"pl-PL\"},{\"@type\":\"Organization\",\"@id\":\"https:\/\/plebiscyt.lubuska.zhp.pl\/#organization\",\"name\":\"LUBUSKIE GRONO - Plebiscyt instruktorski Chor\u0105gwi Ziemi Lubuskiej ZHP\",\"url\":\"https:\/\/plebiscyt.lubuska.zhp.pl\/\",\"logo\":{\"@type\":\"ImageObject\",\"inLanguage\":\"pl-PL\",\"@id\":\"https:\/\/plebiscyt.lubuska.zhp.pl\/#\/schema\/logo\/image\/\",\"url\":\"https:\/\/plebiscyt.lubuska.zhp.pl\/wp-content\/uploads\/2022\/06\/lubgrono_fb_wyd_tlo.png\",\"contentUrl\":\"https:\/\/plebiscyt.lubuska.zhp.pl\/wp-content\/uploads\/2022\/06\/lubgrono_fb_wyd_tlo.png\",\"width\":5001,\"height\":2617,\"caption\":\"LUBUSKIE GRONO - Plebiscyt instruktorski Chor\u0105gwi Ziemi Lubuskiej ZHP\"},\"image\":{\"@id\":\"https:\/\/plebiscyt.lubuska.zhp.pl\/#\/schema\/logo\/image\/\"}}]}<\/script>\n<!-- \/ Yoast SEO plugin. -->","yoast_head_json":{"title":"WSPARCIE KADRY 2025 - nominowani - Lubuskie Grono","robots":{"index":"index","follow":"follow","max-snippet":"max-snippet:-1","max-image-preview":"max-image-preview:large","max-video-preview":"max-video-preview:-1"},"canonical":"https:\/\/plebiscyt.lubuska.zhp.pl\/?page_id=1068","og_locale":"pl_PL","og_type":"article","og_title":"WSPARCIE KADRY 2025 - nominowani - Lubuskie Grono","og_description":"Dodaj tu sw\u00f3j tekst nag\u0142\u00f3wka SKUTECZNI WYCHOWAWCZO &#8211; WSPARCIE KADRY phm. Mateusz Rutkowski \u2013 przyboczny 19 Dru\u017cyny Starszoharcerskiej \u201eWataha\u201d, sekretarz Komisji Rewizyjnej Hufca Babimojsko-Sulechowskiego ZHP Mateusz wspiera swoj\u0105 dru\u017cyn\u0119, dbaj\u0105c o organizacj\u0119 zbi\u00f3rek, wyjazd\u00f3w i przedsi\u0119wzi\u0119\u0107 programowych, oraz aktywnie pomaga kadrze w planowaniu i prowadzeniu zaj\u0119\u0107. Dzieli si\u0119 do\u015bwiadczeniem, udziela praktycznych wskaz\u00f3wek i inspiruje dru\u017cyn\u0119 [&hellip;]","og_url":"https:\/\/plebiscyt.lubuska.zhp.pl\/?page_id=1068","og_site_name":"Lubuskie Grono","article_modified_time":"2025-10-20T19:35:22+00:00","og_image":[{"url":"https:\/\/plebiscyt.lubuska.zhp.pl\/wp-content\/uploads\/2025\/10\/WK-Mateusz-Rutkowski-1.png"}],"twitter_card":"summary_large_image","twitter_misc":{"Szacowany czas czytania":"4 minuty"},"schema":{"@context":"https:\/\/schema.org","@graph":[{"@type":"WebPage","@id":"https:\/\/plebiscyt.lubuska.zhp.pl\/?page_id=1068","url":"https:\/\/plebiscyt.lubuska.zhp.pl\/?page_id=1068","name":"WSPARCIE KADRY 2025 - nominowani - Lubuskie Grono","isPartOf":{"@id":"https:\/\/plebiscyt.lubuska.zhp.pl\/#website"},"datePublished":"2023-09-26T14:00:16+00:00","dateModified":"2025-10-20T19:35:22+00:00","breadcrumb":{"@id":"https:\/\/plebiscyt.lubuska.zhp.pl\/?page_id=1068#breadcrumb"},"inLanguage":"pl-PL","potentialAction":[{"@type":"ReadAction","target":["https:\/\/plebiscyt.lubuska.zhp.pl\/?page_id=1068"]}]},{"@type":"BreadcrumbList","@id":"https:\/\/plebiscyt.lubuska.zhp.pl\/?page_id=1068#breadcrumb","itemListElement":[{"@type":"ListItem","position":1,"name":"Strona g\u0142\u00f3wna","item":"https:\/\/plebiscyt.lubuska.zhp.pl\/"},{"@type":"ListItem","position":2,"name":"WSPARCIE KADRY 2025 &#8211; nominowani"}]},{"@type":"WebSite","@id":"https:\/\/plebiscyt.lubuska.zhp.pl\/#website","url":"https:\/\/plebiscyt.lubuska.zhp.pl\/","name":"Lubuskie Grono","description":"Plebiscyt instruktorski Chor\u0105gwi Ziemi Lubuskiej ZHP","publisher":{"@id":"https:\/\/plebiscyt.lubuska.zhp.pl\/#organization"},"potentialAction":[{"@type":"SearchAction","target":{"@type":"EntryPoint","urlTemplate":"https:\/\/plebiscyt.lubuska.zhp.pl\/?s={search_term_string}"},"query-input":"required name=search_term_string"}],"inLanguage":"pl-PL"},{"@type":"Organization","@id":"https:\/\/plebiscyt.lubuska.zhp.pl\/#organization","name":"LUBUSKIE GRONO - Plebiscyt instruktorski Chor\u0105gwi Ziemi Lubuskiej ZHP","url":"https:\/\/plebiscyt.lubuska.zhp.pl\/","logo":{"@type":"ImageObject","inLanguage":"pl-PL","@id":"https:\/\/plebiscyt.lubuska.zhp.pl\/#\/schema\/logo\/image\/","url":"https:\/\/plebiscyt.lubuska.zhp.pl\/wp-content\/uploads\/2022\/06\/lubgrono_fb_wyd_tlo.png","contentUrl":"https:\/\/plebiscyt.lubuska.zhp.pl\/wp-content\/uploads\/2022\/06\/lubgrono_fb_wyd_tlo.png","width":5001,"height":2617,"caption":"LUBUSKIE GRONO - Plebiscyt instruktorski Chor\u0105gwi Ziemi Lubuskiej ZHP"},"image":{"@id":"https:\/\/plebiscyt.lubuska.zhp.pl\/#\/schema\/logo\/image\/"}}]}},"_links":{"self":[{"href":"https:\/\/plebiscyt.lubuska.zhp.pl\/index.php?rest_route=\/wp\/v2\/pages\/1068"}],"collection":[{"href":"https:\/\/plebiscyt.lubuska.zhp.pl\/index.php?rest_route=\/wp\/v2\/pages"}],"about":[{"href":"https:\/\/plebiscyt.lubuska.zhp.pl\/index.php?rest_route=\/wp\/v2\/types\/page"}],"author":[{"embeddable":true,"href":"https:\/\/plebiscyt.lubuska.zhp.pl\/index.php?rest_route=\/wp\/v2\/users\/1"}],"replies":[{"embeddable":true,"href":"https:\/\/plebiscyt.lubuska.zhp.pl\/index.php?rest_route=%2Fwp%2Fv2%2Fcomments&post=1068"}],"version-history":[{"count":33,"href":"https:\/\/plebiscyt.lubuska.zhp.pl\/index.php?rest_route=\/wp\/v2\/pages\/1068\/revisions"}],"predecessor-version":[{"id":1527,"href":"https:\/\/plebiscyt.lubuska.zhp.pl\/index.php?rest_route=\/wp\/v2\/pages\/1068\/revisions\/1527"}],"wp:attachment":[{"href":"https:\/\/plebiscyt.lubuska.zhp.pl\/index.php?rest_route=%2Fwp%2Fv2%2Fmedia&parent=1068"}],"curies":[{"name":"wp","href":"https:\/\/api.w.org\/{rel}","templated":true}]}}